ds digit of 463592?
6
What is the millions digit of 8977191?
8
What is the units digit of 1135286?
6
What is the units digit of 142386?
6
What is the tens digit of 12297150?
5
What is the hundreds digit of 2488503?
5
What is the hundreds digit of 28890783?
7
What is the millions digit of 1158546?
1
What is the ten thousands digit of 664601?
6
What is the hundreds digit of 15526498?
4
What is the ten thousands digit of 193329?
9
What is the thousands digit of 221629?
1
What is the ten thousands digit of 4793586?
9
What is the tens digit of 1065936?
3
What is the thousands digit of 612281?
2
What is the ten thousands digit of 3000325?
0
What is the thousands digit of 7497714?
7
What is the hundred thousands digit of 454443?
4
What is the hundreds digit of 5075271?
2
What is the millions digit of 5452031?
5
What is the hundreds digit of 121463?
4
What is the hundreds digit of 2382427?
4
What is the hundreds digit of 223553?
5
What is the millions digit of 9996982?
9
What is the hundreds digit of 91307?
3
What is the millions digit of 6900681?
6
What is the units digit of 5135050?
0
What is the hundreds digit of 4937892?
8
What is the hundred thousands digit of 432552?
4
What is the ten thousands digit of 8343250?
4
What is the hundred thousands digit of 4394285?
3
What is the units digit of 28050812?
2
What is the thousands digit of 3486139?
6
What is the thousands digit of 115823?
5
What is the hundred thousands digit of 3809833?
8
What is the units digit of 2177207?
7
What is the tens digit of 9001218?
1
What is the hundred thousands digit of 388064?
3
What is the units digit of 2111975?
5
What is the units digit of 3446260?
0
What is the hundred thousands digit of 5885898?
8
What is the millions digit of 10693347?
0
What is the hundreds digit of 401704?
7
What is the thousands digit of 197726?
7
What is the hundreds digit of 701679?
6
What is the units digit of 38795043?
3
What is the hundred thousands digit of 704161?
7
What is the units digit of 1805513?
3
What is the units digit of 1256492?
2
What is the tens digit of 2669579?
7
What is the thousands digit of 5793316?
3
What is the hundreds digit of 2490927?
9
What is the ten thousands digit of 10752063?
5
What is the hundred thousands digit of 627060?
6
What is the thousands digit of 1091?
1
What is the hundred thousands digit of 3721583?
7
What is the hundred thousands digit of 484640?
4
What is the units digit of 33095?
5
What is the tens digit of 106164?
6
What is the millions digit of 2441699?
2
What is the units digit of 463834?
4
What is the thousands digit of 83290?
3
What is the ten thousands digit of 396798?
9
What is the hundreds digit of 7202275?
2
What is the ten thousands digit of 111348?
1
What is the tens digit of 1228145?
4
What is the tens digit of 2470592?
9
What is the ten thousands digit of 1261844?
6
What is the millions digit of 2667565?
2
What is the ten thousands digit of 257396?
5
What is the tens digit of 7118733?
3
What is the hundred thousands digit of 18800926?
8
What is the thousands digit of 628187?
8
What is the hundred thousands digit of 120036?
1
What is the hundred thousands digit of 1202611?
2
What is the units digit of 718248?
8
What is the millions digit of 2394297?
2
What is the ten thousands digit of 6691689?
9
What is the hundreds digit of 17742323?
3
What is the hundreds digit of 1804590?
5
What is the ten thousands digit of 20849742?
4
What is the units digit of 71743?
3
What is the millions digit of 13614301?
3
What is the hundred thousands digit of 131675?
1
What is the hundreds digit of 899310?
3
What is the hundred thousands digit of 25033997?
0
What is the ten thousands digit of 3288866?
8
What is the hundred thousands digit of 346061?
3
What is the thousands digit of 14234025?
4
What is the millions digit of 2354016?
2
What is the thousands digit of 1923786?
3
What is the ten thousands digit of 299141?
9
What is the units digit of 17386?
6
What is the hundred thousands digit of 551377?
5
What is the hundreds digit of 6389625?
6
What is the units digit of 289705?
5
What is the hundred thousands digit of 580958?
5
What is the hundreds digit of 9534504?
5
What is the tens digit of 4026134?
3
What is the hundreds digit of 496041?
0
What is the hundred thousands digit of 11442136?
4
What is the hundreds digit of 766503?
5
What is the hundreds digit of 278963?
9
What is the hundreds digit of 9228940?
9
What is the ten thousands digit of 1129068?
2
What is the thousands digit of 9305468?
5
What is the ten millions digit of 16682135?
1
What is the hundred thousands digit of 299655?
2
What is the thousands digit of 33562?
3
What is the units digit of 580896?
6
What is the thousands digit of 25487715?
7
What is the tens digit of 3243526?
2
What is the hundreds digit of 166308?
3
What is the thousands digit of 2790290?
0
What is the thousands digit of 1069345?
9
What is the units digit of 320281?
1
What is the tens digit of 1005894?
9
What is the tens digit of 182791?
9
What is the thousands digit of 154161?
4
What is the hundreds digit of 200047?
0
What is the thousands digit of 281635?
1
What is the tens digit of 2164898?
9
What is the ten millions digit of 29639139?
2
What is the tens digit of 25487?
8
What is the units digit of 477842?
2
What is the tens digit of 535238?
3
What is the ten thousands digit of 11379079?
7
What is the ten thousands digit of 10798046?
9
What is the tens digit of 3362470?
7
What is the ten thousands digit of 3303608?
0
What is the units digit of 569559?
9
What is the ten thousands digit of 217721?
1
What is the ten thousands digit of 11981888?
8
What is the thousands digit of 14833336?
3
What is the hundreds digit of 1854742?
7
What is the tens digit of 2575628?
2
What is the millions digit of 1039156?
1
What is the units digit of 223392?
2
What is the ten thousands digit of 5299674?
9
What is the thousands digit of 887239?
7
What is the thousands digit of 2718030?
8
What is the thousands digit of 2651247?
1
What is the thousands digit of 183464?
3
What is the thousands digit of 7780?
7
What is the hundreds digit of 8946032?
0
What is the hundreds digit of 520328?
3
What is the units digit of 1118362?
2
What is the hundreds digit of 78300?
3
What is the thousands digit of 63935?
3
What is the thousands digit of 131110?
1
What is the thousands digit of 2122428?
2
What is the thousands digit of 9827714?
7
What is the tens digit of 433568?
6
What is the hundreds digit of 1677473?
4
What is the ten millions digit of 15313676?
1
What is the tens digit of 15695127?
2
What is the tens digit of 308889?
8
What is the thousands digit of 334335?
4
What is the millions digit of 4192332?
4
What is the ten millions digit of 13983033?
1
What is the hundreds digit of 247804?
8
What is the units digit of 917117?
7
What is the hundred thousands digit of 13868628?
8
What is the thousands digit of 11724767?
4
What is the thousands digit of 340538?
0
What is the thousands digit of 204160?
4
What is the ten thousands digit of 177778?
7
What is the tens digit of 907473?
7
What is the hundred thousands digit of 9593689?
5
What is the hundred thousands digit of 2670535?
6
What is the millions digit of 16173894?
6
What is the hundreds digit of 211054?
0
What is the thousands digit of 70861?
0
What is the hundred thousands digit of 993966?
9
What is the thousands digit of 346067?
6
What is the tens digit of 92175?
7
What is the thousands digit of 2339115?
9
What is the ten thousands digit of 166279?
6
What is the ten thousands digit of 114464?
1
What is the ten thousands digit of 278547?
7
What is the ten thousands digit of 2518302?
1
What is the ten millions digit of 22714395?
2
What is the tens digit of 1332346?
4
What is the ten thousands digit of 234555?
3
What is the hundred thousands digit of 402569?
4
What is the hundreds digit of 2853103?
1
What is the thousands digit of 4149124?
9
What is the hundreds digit of 711216?
2
What is the units digit of 724399?
9
What is the millions digit of 2842208?
2
What is the thousands digit of 177758?
7
What is the thousands digit of 179786?
9
What is the ten thousands digit of 279783?
7
What is the hundred thousands digit of 124086?
1
What is the ten thousands digit of 231986?
3
What is the tens dig